). Give f(s).
3
Let q(f) = 5*f**3 - 15*f**2 + 6*f - 6. Let h(y) = -9*y**3 + 28*y**2 - 12*y + 11. Let c(j) = 4*h(j) + 7*q(j). Determine c(1).
2
Let j(i) = -759*i**2 + 10*i + 1551*i**2 + i**3 - 784*i**2 + 10. Calculate j(-7).
-11
Let s(q) = -2*q**3 + 3*q**2 - 2*q. Let l be -2*(-44)/32*4. Suppose l = 4*n - a + 3, 5*n - 10 = 5*a. Determine s(n).
-8
Suppose 304 = 7*t - 23*t. Let u be t/(266/(-4)) - (-46)/(-14). Let m(c) = c**3 + 3*c**2 + 4*c + 2. What is m(u)?
-10
Let h(d) = 2931 - 2*d**2 - 10*d + 0*d**2 - 2906. Calculate h(-6).
13
Let y(g) = 15*g + 38. Let n(r) = 26*r - 217 + 256 - 8*r. Let v(t) = 4*n(t) - 5*y(t). Calculate v(-11).
-1
Suppose 0 = -118*x - 21 + 375. Let i(j) be the second derivative of j**2 - 1/6*j**3 + 0 - 2*j. Give i(x).
-1
Let x be ((-564)/40)/(-1) - 14. Let h(w) be the second derivative of -3/2*w**2 + 4*w + 0 + x*w**5 - 1/2*w**3 + 1/6*w**4. Calculate h(-2).
-5
Let b(y) = 4*y**2 - 9*y - 4. Let k be b(3). Let j(m) = 3*m + 4. Give j(k).
19
Let i(f) = -244 - 79*f + 251 + 78*f. Calculate i(9).
-2
Let o(j) = -j**3 + j**2 - 2*j - 7. Suppose -38*h - 5221 = -15*h. Let z = 227 + h. Determine o(z).
-7
Let i(s) = -s**3 + s**2 + s. Let w(h) be the first derivative of -5*h**4/4 + 8*h**3/3 + 4*h**2 - 6. Let n(x) = -6*i(x) + w(x). Let u = -6 + 4. Give n(u).
-4
Let n(z) = z - 19. Let r(x) = -431*x - 14. Let g be r(0). What is n(g)?
-33
Let l(d) = -d + 15. Let j(p) = -7*p + 56. Suppose -g + 12 = 4. Let r be j(g). Give l(r).
15
Let c(q) = -q**3 + 7*q**2 - 8*q + 8. Suppose -5*h - 2*w = w - 112, 4*w = 3*h - 44. Suppose 5*d - l = 31, -4*l = -3*d - 2*l + h. What is c(d)?
-4
Let o(k) be the second derivative of 7*k**3/6 - 5*k - 21. Let y be (-4 - -3) + (1 - -2). Suppose -1 = -l - y. What is o(l)?
-7
Let x(m) = 3*m - 32. Let h be x(12). Suppose h*o - 5*f = 9 + 11, -3*o - 4*f = -15. Suppose o*b = -23 + 8. Let i(k) = -k**3 - 5*k**2 - 2*k - 2. Calculate i(b).
-14
Let i(y) = 5*y**2 - y - 6. Let m(f) = f**3 - 8*f**2 - 8*f - 7. Let n be m(9). Let p(g) = 21*g**2 - 5*g - 26. Let b(t) = n*p(t) - 9*i(t). Give b(2).
-12
Let m(k) be the third derivative of -k**5/15 - 5*k**4/12 + 11*k**3/6 - 2*k**2 + 931*k + 2. What is m(-4)?
-13
Let u = -32 + 42. Let x(t) = -t**3 + 2*t**2. Let d(p) = -p**3 - 5*p**2 - 9*p - 4. Let w(m) = -d(m) + 2*x(m). Determine w(u).
-6
Let t(i) = -15*i + 3. Suppose 0 = c - 2*c + 5. Let u(m) = -23*m + 20 + 22*m - 25 + 31*m. Let y(r) = c*t(r) + 3*u(r). Determine y(-1).
-15
Suppose 4*b + 54 - 14 = 0. Let x be 8/b - (-510)/75. Let g(f) = -f. What is g(x)?
-6
Let r(d) = 4*d - 6. Suppose 0 = 57*o - 51*o + 4 - 58. What is r(o)?
30
Let d(x) be the third derivative of -43*x**4/24 - 31*x**3 - 8*x**2 + 68*x. What is d(-4)?
-14
Let k(n) be the second derivative of n**5/120 - 5*n**4/8 - 25*n**3 + 51*n. Let f(z) be the second derivative of k(z). Calculate f(13).
-2
Suppose -4*j - 8 = 0, 0 = 11*l - 7*l - 4*j - 40. Suppose -m - s - l = 0, 3*m = -m + 4*s - 32. Let c(a) = 2*a. Determine c(m).
-16
Suppose -102*p + 9638 = 8312. Let x(c) be the first derivative of -c**3/3 + 7*c**2 - 21*c + 3. Determine x(p).
-8
Suppose -7*u = 115 - 122. Let c(l) = -10*l**3 - l**2 + l + 1. What is c(u)?
-9
Let r be 1/2*(-5 + -105). Let j be (22/r)/((-1)/5). Let d(t) = t**2 - t**3 + 132 + 3*t - 135 + 0*t**2. Give d(j).
-1
Let b(z) = -16*z**2 - 5157 + 136*z - 65*z + 5194 - 73*z + 0*z**2 - z**3. Calculate b(-16).
69
Let q(n) = -3*n**3 - n**2 + n - 1. Let g(f) = 2*f - 1. Let x be g(3). Let m be (4/5)/(14/35). Suppose -6 = 3*b - 2*l + l, b + x*l + m = 0. Determine q(b).
17
Let s = -7707 + 7721. Let o(x) = 2*x**3 - 27*x**2 - 12*x - 16. Determine o(s).
12
Let r(n) = -8*n + 5242 + 5*n - 5218. Suppose -2*h + 21 = 3. Give r(h).
-3
Let a(f) = -f**3 + 4*f**2 - 3*f + 6. Suppose 294 = -2*q + 4*l, 3*q + 441 = 3*l - 0*l. Let b = -143 - q. Determine a(b).
-6
Let s(n) = -2*n**2 + n + 14. Let u(m) = 119*m - 7862. Let w be u(66). Determine s(w).
-122
Let l(r) be the first derivative of r**4/4 - 38*r**3/3 - 18*r**2 - 121*r - 2568. Calculate l(39).
-4
Let i(v) = 8 - 5*v - 14 + 1 - 15. Let o(g) = 6*g + 21. Let w(r) = 5*i(r) + 4*o(r). Give w(-13).
-3
Let s(j) = -j**2 + 7*j - 6. Let b be (-48)/(-15) + 48/(-40). Suppose -d = 3*f - 24, 0 = b*f + f - 2*d - 15. What is s(f)?
-6
Let j = 2644 + -2641. Let c(r) be the third derivative of 0*r**j + 0*r - 19*r**2 + 0 + 1/8*r**4. Determine c(-3).
-9
Let p(o) be the first derivative of -1/2*o**2 + 0*o - 374 + 9*o**3. Suppose 13 = 3*c + 3*s + 1, 4*c - 6 = -2*s. Determine p(c).
28
Let s(u) = 3*u**2 + 2*u - 3. Let z = 120 - 14. Let x = -109 + z. Determine s(x).
18
Let d(a) = 2*a**2 + 2*a - 74. Let t(l) = -7*l**2 - 6*l + 259. Let f(n) = -18*d(n) - 5*t(n). What is f(4)?
-3
Suppose 0 = 68*t - 119*t + 153. Let g(x) be the second derivative of -1/12*x**4 - 2*x**2 - 4/3*x**t + 10*x + 0. Give g(-8).
-4
Suppose 5 = 3*n - 1. Let i(w) = -15 - w**3 - 12 + 30. Determine i(n).
-5
Let i(h) = 9*h + 187. Suppose 0 = 2*j + 4*k + 22, 3*j - 40*k = -36*k - 83. Determine i(j).
-2
Suppose 5*f - 119 = 66. Let g(i) = 37 + f - 74 - 3*i. Determine g(-2).
6
Let f(t) = t**3 - 17*t**2 + 63*t + 64. Let x be f(8). Let m(p) = p**2 - 28*p - 293. Determine m(x).
-5
Let z(x) be the first derivative of x**4/4 + 3*x**3 + x**2 - 5*x + 364. Calculate z(-9).
-23
Suppose 3*n = -r + 20, 3*n - 8 - 7 = 0. Let q be (-8)/(3 + r) - (0 - -3). Let z(u) = 1 + 5 + 6*u + u**2 + u. What is z(q)?
-6
Let x(b) = 2*b + 7. Let l be x(-1). Let j(k) = -8*k + 27. Let u be j(l). Let t(o) = -o**2 - 15*o - 19. What is t(u)?
7
Let p(i) = i**2 + 7*i + 6. Let z(s) = s**3 + 22*s**2 + 6. Let l be z(-22). Suppose -l*u - 15 = 5*h - 5*u, -4*h + 4 = 4*u. Determine p(h).
-6
Let l(f) = -f**3 - f**2 + 5*f. Let r(g) = 551*g - 5. Let s be r(0). Calculate l(s).
75
Let q(o) be the first derivative of o**2 - 74*o - 1501. Give q(22).
-30
Let j(c) = 5*c - 3. Let z be j(-2). Let l be ((-2)/(-4))/(z/26). Let a(q) be the first derivative of -4*q**3/3 + q**2 + q + 134. What is a(l)?
-5
Suppose 0 = 98*v + 91*v - 187 + 943. Let z(f) be the first derivative of f**3 + 3*f**2 + f - 1. Calculate z(v).
25
Let j be -16 + 12 - -2*4. Let w be j - (1 - -7)/4. Suppose -2*q - 2*y = 12 - 0, w = -2*y. Let s(o) = 3*o - 4. Determine s(q).
-19
Let r(m) = -m + 2 - 2. Let l = 934 - 929. Suppose -l*i + 7 = -4*v, -2*i + 11 = -5*v + 15. What is r(v)?
-2
Let u(z) = z - 2*z + 2*z - 9. Suppose -3*l - 3*f = -4*f - 11, -5*f - 15 = 5*l. Suppose l*k - 13 = 1. What is u(k)?
-2
Suppose -47*f + 49*f = 110. Let u be f/5 + -6 + 3 - 3. Let t(w) = -w + 6. Calculate t(u).
1
Let l be -1 + 16 - (188 - 157). Let h(c) = c**3 + 18*c**2 + 32*c - 7. Calculate h(l).
-7
Let w(s) be the second derivative of -s**3 - 7*s**2 + 4*s + 1571. Calculate w(-5).
16
Let f(v) = v**3 - 42*v**2 - 38*v - 208. Let s be f(43). Let n(w) = w**2 - 6*w + 41. Calculate n(s).
48
Let k(u) = -u**3 + 6*u**2 - 7*u + 6. Let s = -19 + 22. Let h = 91 + -89. Let g be (-4 + s)*-8 + -6 + h. Calculate k(g).
10
Let u(d) be the first derivative of -d**4/4 + 4*d**3/3 + 3*d**2/2 + 5*d + 44. Let i(k) = -25*k - 20. Let c be i(-1). Give u(c).
-5
Let q(z) be the second derivative of 7*z**3/3 - 165*z**2/2 - 15*z + 40. Calculate q(12).
3
Let m(f) = -161 - 187 - 176 + 721 + 23*f - 176. Determine m(3).
90
Let g be (1/(-2) + -1)/(21/(-84)). Let n(h) = 15*h**3 - 2*h**2 - 2*h - 7. Let r(m) = 14*m**3 - 2*m**2 - 2*m - 6. Let b(w) = g*r(w) - 5*n(w). Give b(-1).
-10
Let x(a) = -6 - a**2 + 5*a - 10*a - a**2 - 7 - a**2. Calculate x(-5).
-63
Let k(g) = -2333 - 2*g**2 + g**2 + 4639 + 3*g + 5*g - 2269. Give k(12).
-11
Let d(a) = -4*a**2 + 3*a. Let q(v) = -10*v**2 + 5*v + 2. Let l(r) = -2*d(r) + q(r). What is l(-4)?
-26
Let p(r) = -r**3 + 2*r**2 - r + 2. Let q be p(0). Let i(u) = -5*u - 4 + 0*u**q - u**2 - 4 - 4*u. Calculate i(-8).
0
Let o(w) = -9*w**2 + 6*w + 1. Suppose -3*x - 71 + 56 = -3*u, 3*x = 5*u - 17. Determine o(u).
-2
Let j = -27 + 23. Let q be (2/(-4))/((j/(-288))/(-1)). Suppose -2*v + q = -8*v. Let o(x) = -x**2 - 6*x + 1. Calculate o(v).
1
Let k = -1629 + 4888/3. Let w(v) be the first derivative of 10*v + k*v**3 + 7 + 9/2*v**2. Determine w(-7).
-4
Suppose 0 = -2*a + 4*a - 5*j - 6, -2*a - 3*j - 26 = 0. Let o(c) = -1 - 1422*c + 2 + 2 + 1425*c. Give o(a).
-18
Let w(p) = 199*p + 3388. Let f be w(-17). Let g(c) = 2*c**3 - 3*c**2 - c - 10. Give g(f).
1